se 15) to base 4.
1311
11 (base 7) to base 2
1000
Convert 323 (base 6) to base 14.
8b
-44 (base 6) to base 15
-1d
Convert 661 (base 7) to base 16.
151
Convert -203 (base 5) to base 12.
-45
What is -6 (base 10) in base 8?
-6
2 (base 5) to base 14
2
Convert 0 (base 15) to base 5.
0
What is 22 (base 10) in base 5?
42
What is -2 (base 13) in base 12?
-2
What is 110 (base 2) in base 9?
6
What is 75 (base 9) in base 5?
233
-11 (base 9) to base 5
-20
-334 (base 5) to base 9
-114
Convert -21 (base 5) to base 15.
-b
What is -6 (base 11) in base 14?
-6
0 (base 15) to base 9
0
What is -13 (base 8) in base 9?
-12
What is b1 (base 13) in base 11?
121
What is -a (base 15) in base 9?
-11
What is -2424 (base 5) in base 2?
-101101100
What is -20 (base 9) in base 8?
-22
-143 (base 10) to base 14
-a3
Convert 1 (base 3) to base 15.
1
What is 10 (base 8) in base 5?
13
Convert 23 (base 9) to base 6.
33
What is 3 (base 10) in base 3?
10
10000 (base 2) to base 16
10
What is -43 (base 10) in base 6?
-111
What is -20 (base 10) in base 9?
-22
6 (base 15) to base 3
20
-8 (base 13) to base 8
-10
Convert 11 (base 9) to base 4.
22
What is -134 (base 6) in base 15?
-3d
Convert -10 (base 15) to base 11.
-14
What is -8 (base 12) in base 4?
-20
-106 (base 8) to base 10
-70
What is -4 (base 5) in base 10?
-4
What is -3f (base 16) in base 7?
-120
Convert -123 (base 5) to base 4.
-212
-2 (base 12) to base 3
-2
What is -2 (base 9) in base 6?
-2
-101 (base 2) to base 16
-5
8 (base 9) to base 3
22
Convert -16 (base 15) to base 3.
-210
-100 (base 3) to base 2
-1001
What is -1101 (base 2) in base 6?
-21
-11 (base 5) to base 4
-12
37 (base 10) to base 7
52
What is -1020 (base 4) in base 13?
-57
What is 1001000 (base 2) in base 14?
52
6b (base 13) to base 7
155
What is -232 (base 4) in base 15?
-31
What is -1 (base 12) in base 7?
-1
90 (base 12) to base 9
130
8a (base 15) to base 16
82
Convert 0 (base 16) to base 9.
0
Convert 4d (base 14) to base 4.
1011
What is 29 (base 11) in base 2?
11111
What is -3 (base 9) in base 11?
-3
Convert -1011110 (base 2) to base 7.
-163
-3 (base 11) to base 10
-3
Convert 1 (base 8) to base 10.
1
What is -3 (base 16) in base 5?
-3
What is -4b (base 16) in base 11?
-69
-3 (base 10) to base 14
-3
What is -1c (base 13) in base 5?
-100
Convert 0 (base 12) to base 14.
0
8 (base 14) to base 13
8
Convert 41 (base 9) to base 3.
1101
2 (base 5) to base 12
2
Convert -11 (base 6) to base 12.
-7
10 (base 2) to base 7
2
24 (base 7) to base 4
102
-c3 (base 13) to base 9
-186
-136 (base 8) to base 5
-334
8 (base 10) to base 4
20
What is 1 (base 13) in base 10?
1
-11 (base 4) to base 3
-12
120 (base 3) to base 7
21
4 (base 9) to base 12
4
28 (base 10) to base 14
20
What is -3 (base 4) in base 13?
-3
What is -5 (base 15) in base 5?
-10
What is 6 (base 15) in base 2?
110
Convert 203 (base 4) to base 9.
38
Convert -322 (base 5) to base 15.
-5c
Convert -3 (base 16) to base 12.
-3
10 (base 2) to base 11
2
Convert -2 (base 5) to base 11.
-2
2 (base 3) to base 11
2
Convert 44 (base 7) to base 15.
22
Convert 1140 (base 5) to base 4.
2222
27 (base 11) to base 9
32
Convert -2 (base 10) to base 2.
-10
Convert -110101 (base 2) to base 12.
-45
What is -13 (base 9) in base 4?
-30
Convert -96 (base 13) to base 6.
-323
-332 (base 4) to base 13
-4a
What is 1a8 (base 12) in base 4?
10100
Convert -104 (base 8) to base 5.
-233
Convert -45 (base 13) to base 6.
-133
What is -16 (base 7) in base 11?
-12
55 (base 6) to base 14
27
Convert 55 (base 13) to base 6.
154
Convert -43 (base 9) to base 8.
-47
Convert -63 (base 9) to base 10.
-57
-c (base 13) to base 8
-14
Convert -2 (base 12) to base 11.
-2
What is -2 (base 3) in base 7?
-2
Convert 12 (base 7) to base 15.
9
0 (base 4) to base 13
0
What is -1215 (base 6) in base 11?
-252
Convert 17 (base 12) to base 11.
18
What is -110 (base 4) in base 16?
-14
Convert 1233 (base 4) to base 11.
a1
1c (base 16) to base 14
20
Convert -3 (base 12) to base 10.
-3
4 (base 7) to base 14
4
Convert 120 (base 3) to base 6.
23
What is -1 (base 10) in base 16?
-1
Convert 222 (base 3) to base 7.
35
12 (base 10) to base 13
c
Convert -5 (base 10) to base 8.
-5
Convert 1130 (base 5) to base 9.
203
What is 3 (base 12) in base 7?
3
37 (base 15) to base 14
3a
What is 16a (base 12) in base 7?
442
Convert -1 (base 12) to base 6.
-1
Convert -16 (base 15) to base 13.
-18
22 (base 4) to base 6
14
-2 (base 8) to base 16
-2
Convert -6 (base 16) to base 13.
-6
-3 (base 14) to base 16
-3
What is 30 (base 6) in base 10?
18
What is -4 (base 11) in base 5?
-4
What is -2 (base 15) in base 2?
-10
What is 100110100 (base 2) in base 16?
134
What is 101 (base 2) in base 11?
5
Convert -7 (base 10) to base 5.
-12
-11100011 (base 2) to base 4
-3203
What is -11 (base 3) in base 8?
-4
Convert -111020 (base 3) to base 16.
-165
Convert -26 (base 15) to base 6.
-100
Convert 4 (base 10) to base 3.
11
What is -1 (base 2) in base 13?
-1
Convert 44 (base 8) to base 3.
1100
What is -66 (base 13) in base 10?
-84
Convert 1 (base 12) to base 10.
1
Convert -16 (base 9) to base 11.
-14
Convert 11 (base 5) to base 10.
6
141 (base 10) to base 16
8d
Convert 7 (base 10) to base 3.
21
-3a (base 14) to base 11
-48
Convert 11 (base 9) to base 3.
101
Convert -25 (base 12) to base 14.
-21
What is -77 (base 13) in base 10?
-98
Convert 31 (base 9) to base 14.
20
6 (base 12) to base 11
6
What is -11010 (base 2) in base 14?
-1c
What is -47 (base 8) in base 3?
-1110
What is 0 (base 14) in base 6?
0
Convert -20 (base 3) to base 10.
-6
102 (base 4) to base 14
14
What is -dc (base 14) in base 15?
-ce
Convert 8 (base 16) to base 13.
8
What is 63 (base 11) in base 4?
1011
Convert -67 (base 13) to base 9.
-104
What is -2 (base 16) in base 3?
-2
Convert -112110 (base 3) to base 8.
-606
Convert -117 (base 9) to base 3.
-10121
What is -12 (base 3) in base 2?
-101
Convert 1 (base 13) to base 2.
1
1000 (base 2) to base 16
8
Convert -1 (base 15) to base 7.
-1
-5 (base 10) to base 5
-10
What is -101010 (base 2) in base 6?
-110
Convert 10131 (base 4) to base 8.
435
What is 2 (base 6) in base 9?
2
353 (base 7) to base 5
1220
Convert -b (base 14) to base 11.
-10
Convert 1 (base 3) to base 15.
1
19 (base 11) to base 7
26
0 (base 2) to base 15
0
Convert 1001 (base 4) to base 7.
122
What is -53 (base 8) in base 10?
-43
Convert 5 (base 8) to base 11.
5
6 (base 13) to base 16
6
What is 101210 (base 3) in base 2?
100100011
Convert 1 (base 10) to base 2.
1
What is 5 (base 16) in base 7?
5
Convert 22 (base 7) to base 16.
10
-34 (base 7) to base 2
-11001
What is -4 (base 8) in base 3?
-11
What is -23 (base 4) in base 16?
-b
3 (base 9) to base 2
11
Convert 10 (base 5) to base 13.
5
120 (base 3) to base 5
30
Convert 347 (base 8) to base 6.
1023
Convert -3 (base 8) to base 4.
-3
What is 1102 (base 3) in base 14?
2a
-10 (base 2) to base 6
-2
Convert 5 (base 7) to base 3.
12
-5 (base 12) to base 14
-5
Convert 1 (base 10) to base 2.
1
What is 0 (base 4) in base 10?
0
Convert 36 (base 8) to base 3.
1010
-6 (base 14) to base 6
-10
1 (base 7) to base 13
1
-11 (base 2) to base 16
-3
What is -214 (base 9) in base 12?
-127
Convert a7 (base 13) to base 6.
345
-10010 (base 2) to base 14
-14
Convert 120 (base 3) to base 11.
14
What is -8 (base 11) in base 3?
-22
a0 (base 11) to base 14
7c
Convert 3 (base 13) to base 11.
3
5 (base 6) to base 4
11
Convert 0 (base 12) to base 5.
0
What is 25 (base 12) in base 6?
45
Convert 101111 (base 2) to base 8.
57
Convert -34 (base 11) to base 6.
-101
Convert -39 (base 11) to base 6.
-110
What is 1 (base 14) in base 3?
1
6 (base 8) to base 5
11
Convert -2 (base 7) to base 4.
-2
5 (base 12) to base 3
12
What is 5 (base 9) in base 12?
5
What is 19 (base 16) in base 15?
1a
Convert -b5 (base 12) to base 8.
-211
Convert -15 (base 12) to base 5.
-32
Convert -2310 (base 4) to base 8.
-264
What is -c (base 13) in base 15?
-c
Convert -1 (base 7) to base 11.
-1
Convert -41 (base 15) to base 6.
-141
Convert -2 (base 10) to base 11.
-2
-2 (base 7) to base 3
-2
Convert -8 (base 15) to base 16.
-8
-a6 (base 15) to base 12
-110
Convert b (base 15) to base 4.
23
1 (base 8) to base 5
1
Convert 62 (base 13) to base 14.
5a
-8 (base 13) to base 8
-10
Convert -2 (base 14) to base 10.
-2
What is 1111011 (base 2) in base 9?
146
What is -31 (base